{"id":9863,"date":"2023-11-08T17:04:40","date_gmt":"2023-11-08T20:04:40","guid":{"rendered":"https:\/\/www.mundialsc.com.br\/loja\/?post_type=product&#038;p=9863"},"modified":"2023-11-08T17:04:40","modified_gmt":"2023-11-08T20:04:40","slug":"cilindro-mestre-de-freio-mahindra","status":"publish","type":"product","link":"https:\/\/www.mundialsc.com.br\/loja\/produto\/cilindro-mestre-de-freio-mahindra\/","title":{"rendered":"Cilindro Mestre De Freio Mahindra"},"content":{"rendered":"<p>Cilindro Mestre De Freio Mahindra<br \/>\nC\u00f3digo Original: 0607AB0050N<br \/>\nAplica\u00e7\u00e3o:<\/p>\n<p>MAHINDRA<\/p>\n<p>PIK-UP E SUV<\/p>\n","protected":false},"excerpt":{"rendered":"<p>Cilindro Mestre De Freio Mahindra C\u00f3digo Original: 0607AB0050N Aplica\u00e7\u00e3o: MAHINDRA PIK-UP E SUV<\/p>\n","protected":false},"featured_media":9864,"template":"","meta":[],"product_brand":[],"product_cat":[41,137],"product_tag":[],"class_list":{"0":"post-9863","1":"product","2":"type-product","3":"status-publish","4":"has-post-thumbnail","6":"product_cat-freios","7":"product_cat-sensor-freios","9":"first","10":"instock","11":"shipping-taxable","12":"product-type-simple"},"_links":{"self":[{"href":"https:\/\/www.mundialsc.com.br\/loja\/wp-json\/wp\/v2\/product\/9863","targetHints":{"allow":["GET"]}}],"collection":[{"href":"https:\/\/www.mundialsc.com.br\/loja\/wp-json\/wp\/v2\/product"}],"about":[{"href":"https:\/\/www.mundialsc.com.br\/loja\/wp-json\/wp\/v2\/types\/product"}],"wp:featuredmedia":[{"embeddable":true,"href":"https:\/\/www.mundialsc.com.br\/loja\/wp-json\/wp\/v2\/media\/9864"}],"wp:attachment":[{"href":"https:\/\/www.mundialsc.com.br\/loja\/wp-json\/wp\/v2\/media?parent=9863"}],"wp:term":[{"taxonomy":"product_brand","embeddable":true,"href":"https:\/\/www.mundialsc.com.br\/loja\/wp-json\/wp\/v2\/product_brand?post=9863"},{"taxonomy":"product_cat","embeddable":true,"href":"https:\/\/www.mundialsc.com.br\/loja\/wp-json\/wp\/v2\/product_cat?post=9863"},{"taxonomy":"product_tag","embeddable":true,"href":"https:\/\/www.mundialsc.com.br\/loja\/wp-json\/wp\/v2\/product_tag?post=9863"}],"curies":[{"name":"wp","href":"https:\/\/api.w.org\/{rel}","templated":true}]}}