{"id":9714,"date":"2023-06-14T14:02:32","date_gmt":"2023-06-14T17:02:32","guid":{"rendered":"https:\/\/www.mundialsc.com.br\/loja\/?post_type=product&#038;p=9714"},"modified":"2023-06-14T14:04:56","modified_gmt":"2023-06-14T17:04:56","slug":"kit-de-filtros-chery-tiggo-7","status":"publish","type":"product","link":"https:\/\/www.mundialsc.com.br\/loja\/produto\/kit-de-filtros-chery-tiggo-7\/","title":{"rendered":"Kit de Filtros Chery Tiggo 7"},"content":{"rendered":"<p>Kit de Filtros contendo:<br \/>\nFiltro ar motor, filtro ar cabine, filtro \u00f3leo do motor e filtro combust\u00edvel<br \/>\nC\u00f3digos originais: 4801012010 + S111117110 + T151109111 + T218107011<\/p>\n<p>Aplica\u00e7\u00e3o:<\/p>\n<p>CHERY <\/p>\n<p>TIGGO 7<\/p>\n","protected":false},"excerpt":{"rendered":"<p>Kit de Filtros contendo: Filtro ar motor, filtro ar cabine, filtro \u00f3leo do motor e filtro combust\u00edvel C\u00f3digos originais: 4801012010<\/p>\n","protected":false},"featured_media":9713,"template":"","meta":[],"product_brand":[],"product_cat":[191,185,153,39,186],"product_tag":[],"class_list":{"0":"post-9714","1":"product","2":"type-product","3":"status-publish","4":"has-post-thumbnail","6":"product_cat-ar-cabine","7":"product_cat-ar-motor","8":"product_cat-combustivel","9":"product_cat-filtros","10":"product_cat-oleo-lubrificante-do-motor","12":"first","13":"instock","14":"shipping-taxable","15":"product-type-simple"},"_links":{"self":[{"href":"https:\/\/www.mundialsc.com.br\/loja\/wp-json\/wp\/v2\/product\/9714","targetHints":{"allow":["GET"]}}],"collection":[{"href":"https:\/\/www.mundialsc.com.br\/loja\/wp-json\/wp\/v2\/product"}],"about":[{"href":"https:\/\/www.mundialsc.com.br\/loja\/wp-json\/wp\/v2\/types\/product"}],"wp:featuredmedia":[{"embeddable":true,"href":"https:\/\/www.mundialsc.com.br\/loja\/wp-json\/wp\/v2\/media\/9713"}],"wp:attachment":[{"href":"https:\/\/www.mundialsc.com.br\/loja\/wp-json\/wp\/v2\/media?parent=9714"}],"wp:term":[{"taxonomy":"product_brand","embeddable":true,"href":"https:\/\/www.mundialsc.com.br\/loja\/wp-json\/wp\/v2\/product_brand?post=9714"},{"taxonomy":"product_cat","embeddable":true,"href":"https:\/\/www.mundialsc.com.br\/loja\/wp-json\/wp\/v2\/product_cat?post=9714"},{"taxonomy":"product_tag","embeddable":true,"href":"https:\/\/www.mundialsc.com.br\/loja\/wp-json\/wp\/v2\/product_tag?post=9714"}],"curies":[{"name":"wp","href":"https:\/\/api.w.org\/{rel}","templated":true}]}}