{"id":7200,"date":"2020-10-28T18:01:00","date_gmt":"2020-10-28T21:01:00","guid":{"rendered":"https:\/\/www.mundialsc.com.br\/loja\/?post_type=product&#038;p=7200"},"modified":"2020-10-29T08:08:39","modified_gmt":"2020-10-29T11:08:39","slug":"mangueira-inferior-do-radiador-mahindra-pik-up-2-6","status":"publish","type":"product","link":"https:\/\/www.mundialsc.com.br\/loja\/produto\/mangueira-inferior-do-radiador-mahindra-pik-up-2-6\/","title":{"rendered":"Mangueira Inferior Do Radiador Mahindra Pik-Up 2.6"},"content":{"rendered":"<p>Mangueira Inferior Do Radiador<br \/>\nC\u00f3digo Original: 0304dc0380n<br \/>\nC\u00f3digo Interno: 0304dc0380n<\/p>\n<p>Aplica\u00e7\u00e3o:<\/p>\n<p>MAHINDRA<\/p>\n<p>PIK-UP 2.6<\/p>\n","protected":false},"excerpt":{"rendered":"<p>Mangueira Inferior Do Radiador C\u00f3digo Original: 0304dc0380n C\u00f3digo Interno: 0304dc0380n Aplica\u00e7\u00e3o: MAHINDRA PIK-UP 2.6<\/p>\n","protected":false},"featured_media":7202,"template":"","meta":[],"product_brand":[],"product_cat":[229,42],"product_tag":[],"class_list":{"0":"post-7200","1":"product","2":"type-product","3":"status-publish","4":"has-post-thumbnail","6":"product_cat-mangueira-radiador","7":"product_cat-motor","9":"first","10":"instock","11":"shipping-taxable","12":"product-type-simple"},"_links":{"self":[{"href":"https:\/\/www.mundialsc.com.br\/loja\/wp-json\/wp\/v2\/product\/7200","targetHints":{"allow":["GET"]}}],"collection":[{"href":"https:\/\/www.mundialsc.com.br\/loja\/wp-json\/wp\/v2\/product"}],"about":[{"href":"https:\/\/www.mundialsc.com.br\/loja\/wp-json\/wp\/v2\/types\/product"}],"wp:featuredmedia":[{"embeddable":true,"href":"https:\/\/www.mundialsc.com.br\/loja\/wp-json\/wp\/v2\/media\/7202"}],"wp:attachment":[{"href":"https:\/\/www.mundialsc.com.br\/loja\/wp-json\/wp\/v2\/media?parent=7200"}],"wp:term":[{"taxonomy":"product_brand","embeddable":true,"href":"https:\/\/www.mundialsc.com.br\/loja\/wp-json\/wp\/v2\/product_brand?post=7200"},{"taxonomy":"product_cat","embeddable":true,"href":"https:\/\/www.mundialsc.com.br\/loja\/wp-json\/wp\/v2\/product_cat?post=7200"},{"taxonomy":"product_tag","embeddable":true,"href":"https:\/\/www.mundialsc.com.br\/loja\/wp-json\/wp\/v2\/product_tag?post=7200"}],"curies":[{"name":"wp","href":"https:\/\/api.w.org\/{rel}","templated":true}]}}