{"id":5719,"date":"2020-08-10T11:02:15","date_gmt":"2020-08-10T14:02:15","guid":{"rendered":"https:\/\/www.mundialsc.com.br\/loja\/?post_type=product&#038;p=5719"},"modified":"2023-11-28T11:43:41","modified_gmt":"2023-11-28T14:43:41","slug":"alavanca-de-marcha-ssangyong-original","status":"publish","type":"product","link":"https:\/\/www.mundialsc.com.br\/loja\/produto\/alavanca-de-marcha-ssangyong-original\/","title":{"rendered":"Alavanca De Marcha Ssangyong Original"},"content":{"rendered":"<p>Alavanca De Marcha<br \/>\nProduto Original<br \/>\nConfirma\u00e7\u00e3o modelo via foto ( FOTO REAL )<\/p>\n<p>Aplica\u00e7\u00e3o:<\/p>\n<p>SSANGYONG<\/p>\n","protected":false},"excerpt":{"rendered":"<p>Alavanca De Marcha Produto Original Confirma\u00e7\u00e3o modelo via foto ( FOTO REAL ) Aplica\u00e7\u00e3o: SSANGYONG<\/p>\n","protected":false},"featured_media":5720,"template":"","meta":[],"product_brand":[],"product_cat":[15],"product_tag":[],"class_list":{"0":"post-5719","1":"product","2":"type-product","3":"status-publish","4":"has-post-thumbnail","6":"product_cat-outros","8":"first","9":"instock","10":"shipping-taxable","11":"product-type-simple"},"_links":{"self":[{"href":"https:\/\/www.mundialsc.com.br\/loja\/wp-json\/wp\/v2\/product\/5719","targetHints":{"allow":["GET"]}}],"collection":[{"href":"https:\/\/www.mundialsc.com.br\/loja\/wp-json\/wp\/v2\/product"}],"about":[{"href":"https:\/\/www.mundialsc.com.br\/loja\/wp-json\/wp\/v2\/types\/product"}],"wp:featuredmedia":[{"embeddable":true,"href":"https:\/\/www.mundialsc.com.br\/loja\/wp-json\/wp\/v2\/media\/5720"}],"wp:attachment":[{"href":"https:\/\/www.mundialsc.com.br\/loja\/wp-json\/wp\/v2\/media?parent=5719"}],"wp:term":[{"taxonomy":"product_brand","embeddable":true,"href":"https:\/\/www.mundialsc.com.br\/loja\/wp-json\/wp\/v2\/product_brand?post=5719"},{"taxonomy":"product_cat","embeddable":true,"href":"https:\/\/www.mundialsc.com.br\/loja\/wp-json\/wp\/v2\/product_cat?post=5719"},{"taxonomy":"product_tag","embeddable":true,"href":"https:\/\/www.mundialsc.com.br\/loja\/wp-json\/wp\/v2\/product_tag?post=5719"}],"curies":[{"name":"wp","href":"https:\/\/api.w.org\/{rel}","templated":true}]}}