{"id":4969,"date":"2020-07-13T11:13:44","date_gmt":"2020-07-13T14:13:44","guid":{"rendered":"https:\/\/www.mundialsc.com.br\/loja\/?post_type=product&#038;p=4969"},"modified":"2021-01-14T14:43:59","modified_gmt":"2021-01-14T17:43:59","slug":"bucha-do-braco-traseiro-ssangyong-kyron-2-7-multi-link-original-2","status":"publish","type":"product","link":"https:\/\/www.mundialsc.com.br\/loja\/produto\/bucha-do-braco-traseiro-ssangyong-kyron-2-7-multi-link-original-2\/","title":{"rendered":"Bucha Do Bra\u00e7o Traseiro Ssangyong Kyron 2.7 Multi Link Original"},"content":{"rendered":"<p>Bucha Bra\u00e7o Traseiro<br \/>\nC\u00f3digo Original: 4543009000<br \/>\nPRODUTO ORIGINAL<\/p>\n<p>Aplica\u00e7\u00e3o:<\/p>\n<p>SSANGYONG<\/p>\n<p>KYRON 2.7 COM SISTEMA MULTI LINK<\/p>\n","protected":false},"excerpt":{"rendered":"<p>Bucha Bra\u00e7o Traseiro C\u00f3digo Original: 4543009000 PRODUTO ORIGINAL Aplica\u00e7\u00e3o: SSANGYONG KYRON 2.7 COM SISTEMA MULTI LINK<\/p>\n","protected":false},"featured_media":9096,"template":"","meta":[],"product_brand":[],"product_cat":[110],"product_tag":[],"class_list":{"0":"post-4969","1":"product","2":"type-product","3":"status-publish","4":"has-post-thumbnail","6":"product_cat-bucha","8":"first","9":"instock","10":"shipping-taxable","11":"purchasable","12":"product-type-simple"},"_links":{"self":[{"href":"https:\/\/www.mundialsc.com.br\/loja\/wp-json\/wp\/v2\/product\/4969","targetHints":{"allow":["GET"]}}],"collection":[{"href":"https:\/\/www.mundialsc.com.br\/loja\/wp-json\/wp\/v2\/product"}],"about":[{"href":"https:\/\/www.mundialsc.com.br\/loja\/wp-json\/wp\/v2\/types\/product"}],"wp:featuredmedia":[{"embeddable":true,"href":"https:\/\/www.mundialsc.com.br\/loja\/wp-json\/wp\/v2\/media\/9096"}],"wp:attachment":[{"href":"https:\/\/www.mundialsc.com.br\/loja\/wp-json\/wp\/v2\/media?parent=4969"}],"wp:term":[{"taxonomy":"product_brand","embeddable":true,"href":"https:\/\/www.mundialsc.com.br\/loja\/wp-json\/wp\/v2\/product_brand?post=4969"},{"taxonomy":"product_cat","embeddable":true,"href":"https:\/\/www.mundialsc.com.br\/loja\/wp-json\/wp\/v2\/product_cat?post=4969"},{"taxonomy":"product_tag","embeddable":true,"href":"https:\/\/www.mundialsc.com.br\/loja\/wp-json\/wp\/v2\/product_tag?post=4969"}],"curies":[{"name":"wp","href":"https:\/\/api.w.org\/{rel}","templated":true}]}}