{"id":4915,"date":"2020-07-13T09:01:39","date_gmt":"2020-07-13T12:01:39","guid":{"rendered":"https:\/\/www.mundialsc.com.br\/loja\/?post_type=product&#038;p=4915"},"modified":"2020-07-13T10:19:23","modified_gmt":"2020-07-13T13:19:23","slug":"bieleta-esquerda-ssangyong-actyon-suv-2-3-gasolina-copia","status":"publish","type":"product","link":"https:\/\/www.mundialsc.com.br\/loja\/produto\/bieleta-esquerda-ssangyong-actyon-suv-2-3-gasolina-copia\/","title":{"rendered":"Bieleta Esquerda Ssangyong Actyon Suv 2.3 Gasolina"},"content":{"rendered":"<p>Bieleta Esquerda<br \/>\nC\u00f3digo Original: 4475109000<br \/>\nC\u00f3digo Interno: SL<\/p>\n<p>Aplica\u00e7\u00e3o:<\/p>\n<p>SSANGYONG<\/p>\n<p>ACTYON SUV 2.3 GASOLINA 2008 EM DIANTE<\/p>\n","protected":false},"excerpt":{"rendered":"<p>Bieleta Esquerda C\u00f3digo Original: 4475109000 C\u00f3digo Interno: SL Aplica\u00e7\u00e3o: SSANGYONG ACTYON SUV 2.3 GASOLINA 2008 EM DIANTE<\/p>\n","protected":false},"featured_media":4944,"template":"","meta":[],"product_brand":[],"product_cat":[100,44],"product_tag":[],"class_list":{"0":"post-4915","1":"product","2":"type-product","3":"status-publish","4":"has-post-thumbnail","6":"product_cat-bieleta","7":"product_cat-suspensao","9":"first","10":"instock","11":"shipping-taxable","12":"purchasable","13":"product-type-simple"},"_links":{"self":[{"href":"https:\/\/www.mundialsc.com.br\/loja\/wp-json\/wp\/v2\/product\/4915","targetHints":{"allow":["GET"]}}],"collection":[{"href":"https:\/\/www.mundialsc.com.br\/loja\/wp-json\/wp\/v2\/product"}],"about":[{"href":"https:\/\/www.mundialsc.com.br\/loja\/wp-json\/wp\/v2\/types\/product"}],"wp:featuredmedia":[{"embeddable":true,"href":"https:\/\/www.mundialsc.com.br\/loja\/wp-json\/wp\/v2\/media\/4944"}],"wp:attachment":[{"href":"https:\/\/www.mundialsc.com.br\/loja\/wp-json\/wp\/v2\/media?parent=4915"}],"wp:term":[{"taxonomy":"product_brand","embeddable":true,"href":"https:\/\/www.mundialsc.com.br\/loja\/wp-json\/wp\/v2\/product_brand?post=4915"},{"taxonomy":"product_cat","embeddable":true,"href":"https:\/\/www.mundialsc.com.br\/loja\/wp-json\/wp\/v2\/product_cat?post=4915"},{"taxonomy":"product_tag","embeddable":true,"href":"https:\/\/www.mundialsc.com.br\/loja\/wp-json\/wp\/v2\/product_tag?post=4915"}],"curies":[{"name":"wp","href":"https:\/\/api.w.org\/{rel}","templated":true}]}}