{"id":4825,"date":"2020-07-09T16:46:30","date_gmt":"2020-07-09T19:46:30","guid":{"rendered":"https:\/\/www.mundialsc.com.br\/loja\/?post_type=product&#038;p=4825"},"modified":"2020-07-09T16:46:30","modified_gmt":"2020-07-09T19:46:30","slug":"disco-de-embreagem-cambio-m74","status":"publish","type":"product","link":"https:\/\/www.mundialsc.com.br\/loja\/produto\/disco-de-embreagem-cambio-m74\/","title":{"rendered":"Disco De Embreagem C\u00e2mbio M74"},"content":{"rendered":"<p>Disco Embreagem<br \/>\nC\u00f3digo Original: 0585666007<br \/>\nPRODUTO ORIGINAL<\/p>\n<p>Aplica\u00e7\u00e3o:<\/p>\n<p>SSANGYONG<\/p>\n<p>TODA LINHA COM C\u00c2MBIO M74<\/p>\n","protected":false},"excerpt":{"rendered":"<p>Disco Embreagem C\u00f3digo Original: 0585666007 PRODUTO ORIGINAL Aplica\u00e7\u00e3o: SSANGYONG TODA LINHA COM C\u00c2MBIO M74<\/p>\n","protected":false},"featured_media":4826,"template":"","meta":[],"product_brand":[],"product_cat":[37],"product_tag":[],"class_list":{"0":"post-4825","1":"product","2":"type-product","3":"status-publish","4":"has-post-thumbnail","6":"product_cat-transmissao","8":"first","9":"instock","10":"shipping-taxable","11":"purchasable","12":"product-type-simple"},"_links":{"self":[{"href":"https:\/\/www.mundialsc.com.br\/loja\/wp-json\/wp\/v2\/product\/4825","targetHints":{"allow":["GET"]}}],"collection":[{"href":"https:\/\/www.mundialsc.com.br\/loja\/wp-json\/wp\/v2\/product"}],"about":[{"href":"https:\/\/www.mundialsc.com.br\/loja\/wp-json\/wp\/v2\/types\/product"}],"wp:featuredmedia":[{"embeddable":true,"href":"https:\/\/www.mundialsc.com.br\/loja\/wp-json\/wp\/v2\/media\/4826"}],"wp:attachment":[{"href":"https:\/\/www.mundialsc.com.br\/loja\/wp-json\/wp\/v2\/media?parent=4825"}],"wp:term":[{"taxonomy":"product_brand","embeddable":true,"href":"https:\/\/www.mundialsc.com.br\/loja\/wp-json\/wp\/v2\/product_brand?post=4825"},{"taxonomy":"product_cat","embeddable":true,"href":"https:\/\/www.mundialsc.com.br\/loja\/wp-json\/wp\/v2\/product_cat?post=4825"},{"taxonomy":"product_tag","embeddable":true,"href":"https:\/\/www.mundialsc.com.br\/loja\/wp-json\/wp\/v2\/product_tag?post=4825"}],"curies":[{"name":"wp","href":"https:\/\/api.w.org\/{rel}","templated":true}]}}