{"id":4734,"date":"2020-07-08T14:01:42","date_gmt":"2020-07-08T17:01:42","guid":{"rendered":"https:\/\/www.mundialsc.com.br\/loja\/?post_type=product&#038;p=4734"},"modified":"2023-11-30T11:30:05","modified_gmt":"2023-11-30T14:30:05","slug":"tensor-da-corrente-ssangyong-korando-gasolina","status":"publish","type":"product","link":"https:\/\/www.mundialsc.com.br\/loja\/produto\/tensor-da-corrente-ssangyong-korando-gasolina\/","title":{"rendered":"Tensor Da Corrente Ssangyong Korando Gasolina"},"content":{"rendered":"<p>Tensor Da Corrente<br \/>\nC\u00f3digo Original: 1720500147<br \/>\nPRODUTO ORIGINAL<\/p>\n<p>Aplica\u00e7\u00e3o:<\/p>\n<p>SSANGYONG <\/p>\n<p>KORANDO GASOLINA C201<\/p>\n","protected":false},"excerpt":{"rendered":"<p>Tensor Da Corrente C\u00f3digo Original: 1720500147 PRODUTO ORIGINAL Aplica\u00e7\u00e3o: SSANGYONG KORANDO GASOLINA C201<\/p>\n","protected":false},"featured_media":8982,"template":"","meta":[],"product_brand":[],"product_cat":[93],"product_tag":[],"class_list":{"0":"post-4734","1":"product","2":"type-product","3":"status-publish","4":"has-post-thumbnail","6":"product_cat-tensor","8":"first","9":"instock","10":"shipping-taxable","11":"product-type-simple"},"_links":{"self":[{"href":"https:\/\/www.mundialsc.com.br\/loja\/wp-json\/wp\/v2\/product\/4734","targetHints":{"allow":["GET"]}}],"collection":[{"href":"https:\/\/www.mundialsc.com.br\/loja\/wp-json\/wp\/v2\/product"}],"about":[{"href":"https:\/\/www.mundialsc.com.br\/loja\/wp-json\/wp\/v2\/types\/product"}],"wp:featuredmedia":[{"embeddable":true,"href":"https:\/\/www.mundialsc.com.br\/loja\/wp-json\/wp\/v2\/media\/8982"}],"wp:attachment":[{"href":"https:\/\/www.mundialsc.com.br\/loja\/wp-json\/wp\/v2\/media?parent=4734"}],"wp:term":[{"taxonomy":"product_brand","embeddable":true,"href":"https:\/\/www.mundialsc.com.br\/loja\/wp-json\/wp\/v2\/product_brand?post=4734"},{"taxonomy":"product_cat","embeddable":true,"href":"https:\/\/www.mundialsc.com.br\/loja\/wp-json\/wp\/v2\/product_cat?post=4734"},{"taxonomy":"product_tag","embeddable":true,"href":"https:\/\/www.mundialsc.com.br\/loja\/wp-json\/wp\/v2\/product_tag?post=4734"}],"curies":[{"name":"wp","href":"https:\/\/api.w.org\/{rel}","templated":true}]}}